is the units digit of h?
2
Let w be (4/5)/(2/5). Suppose -54 = -w*y - y. What is the tens digit of y?
1
Let o(d) = d**2 - 10*d - 7. Let h be o(11). Suppose 74 + 26 = h*f. What is the units digit of f?
5
Suppose -8 = 2*p, -5*o + 13 = -0*o - 2*p. Let b = o + 1. Suppose -b*j - 27 = -5*j. What is the units digit of j?
9
Let p be 36/(2 + 2)*1. Suppose -4 - 13 = 4*h + 3*x, -x - 3 = h. Let y = p + h. What is the units digit of y?
1
What is the tens digit of 10/(-3)*(4 + -10)?
2
Let d(l) = 2*l**3 - 4 - l - 2*l**2 + 0*l**2 + 2. Let p be d(2). Let r(q) = 3*q - 5. What is the units digit of r(p)?
7
Let h = 7 + -2. Suppose -h*l + 2*b - b + 69 = 0, 0 = 3*l - 2*b - 47. Let p = l - 7. What is the units digit of p?
6
Let z = -2 - -6. Let r be (-2 + -16)*z/(-6). Suppose -t + r = t. What is the units digit of t?
6
Let k(a) = -a - 12. Let i be k(-8). Let m(l) = -4*l - 3. What is the units digit of m(i)?
3
Let k be -1 - -3*(-3)/(-3). Suppose 4*v - v + k*m = 39, -5*m = -3*v + 39. Suppose -3*a = -2*n + v, 4*a = -4*n + 9 + 7. What is the units digit of n?
5
Let k = -1 - -7. What is the units digit of -7*(k/(-7) - 0)?
6
Let p be 4/(-2*3/72). Let a = p - -71. What is the tens digit of a?
2
Let g(i) be the third derivative of i**5/60 - i**4/6 + i**3/3 - i**2. What is the units digit of g(5)?
7
Let b be 30/(-5)*(-4)/6. Let l(n) = -1 - 4 + b + 15*n**2. What is the units digit of l(1)?
4
Suppose -4*b - 69 = 4*a - 333, 0 = -b - 2*a + 65. What is the tens digit of b?
6
Suppose 3*c = -c. Suppose 5*y - 7 - 22 = 2*l, c = -2*y - 5*l. What is the units digit of y?
5
Suppose 3*k = 9 + 9. Let v be (-74)/(-4) - k/4. Suppose g - 3*l - 8 = 3, 0 = -3*g + l + v. What is the units digit of g?
5
Suppose 5*a - 3*a = 14. Suppose 87 = 5*o + a. Suppose 24 = 5*f - o. What is the units digit of f?
8
Suppose 72 = 4*x - c, 3*x + 54 = 6*x - 4*c. What is the units digit of x?
8
What is the hundreds digit of ((-2)/(-1))/((-2)/(-143)) + -2?
1
Let a be (-6)/(-4 - 111/(-30)). Suppose -u - y + 3 = -2, 2*u - 3*y - a = 0. What is the units digit of u?
7
Let s = -12 + 5. Let c(y) = -3*y**2 - y - 1. Let z be c(-2). Let g = s - z. What is the units digit of g?
4
Let v(n) = n**3 + 4*n**2. Let c(x) = -x + 2. Let p be c(6). Let r be v(p). Let y(k) = -k + 8. What is the units digit of y(r)?
8
Suppose -317 = 8*l - 837. What is the units digit of l?
5
Let v(b) = -b**2 + 2*b - 9. Let p be v(7). What is the tens digit of (2*-1)/(8/p)?
1
Suppose -2*h - 50 = 76. Let p = -32 - h. What is the units digit of p?
1
Suppose 0 = -4*o - 1 + 21. Suppose -2*f + o*f - 18 = 0. What is the units digit of f?
6
Suppose -4*i + 6 = -i. Let p be (-24)/(i/(1 - 3)). What is the units digit of ((-28)/16)/((-2)/p)?
1
What is the tens digit of (-70)/(-6) - 5/(-15)?
1
Let i(u) be the third derivative of 0*u**4 + 3*u**2 + 1/60*u**5 - 1/20*u**6 - 1/6*u**3 + 0*u + 0. What is the units digit of i(-1)?
6
Suppose -2*p + 3 = -1. Suppose -p*c = -c - 14. Suppose 0*d - c = -2*d. What is the units digit of d?
7
Let k(m) = m**3 - 5*m**2 + m - 2. Let g be k(5). Let q = 5 - g. Suppose -3*o - q*o + 35 = 0. What is the units digit of o?
7
Let k(t) = -t**3 - 3*t**2 + 4*t + 1. Let w be k(-4). Suppose z - 22 = -w. What is the units digit of z?
1
Let f(x) = x**2 + 5*x - 1. Let j be f(-5). What is the units digit of ((-21)/6)/(j/2)?
7
Let d = -137 + 274. What is the tens digit of d?
3
Let b = 136 - 49. What is the tens digit of b?
8
Let h(n) be the second derivative of n**4 - n**3/6 - 2*n. Let m be h(-1). Let t = 18 - m. What is the units digit of t?
5
What is the tens digit of ((-3310)/30)/((-2)/6)?
3
Let k(b) = b + 8. Suppose -p + 2 = -3*w - 5, 4*w = -3*p - 5. Let d = -1 + p. What is the units digit of k(d)?
8
Suppose -2*i = -4*i. Suppose i = -4*n + 31 + 9. Suppose 6 + n = 2*b. What is the units digit of b?
8
What is the units digit of (16/(-20))/((-1)/5)?
4
Let m be -3 - -3 - (3 + -6). Suppose -3*k = -v + 28, m*v + k - 126 = -42. What is the units digit of v?
8
Let k(a) = 3*a**2 + 4*a - 3. Suppose -b + 0*v + 11 = 3*v, 3*v - 15 = -3*b. What is the units digit of k(b)?
7
Let m be 2 + 0 + 2 + -1. Suppose o = -m*o. Suppose o = y + y - 4. What is the units digit of y?
2
Suppose 0 = -2*m - 0*p + 3*p + 23, 1 = p. What is the tens digit of m?
1
Let i = -6 - -13. Suppose -5 = -4*v + i. Suppose -v = -l - 0. What is the units digit of l?
3
Let l(x) = -x + 14. Let v be l(7). Let n = 11 - v. What is the units digit of (-18)/(-3) + n/2?
8
Let j(x) = 2 + x**3 + 0*x**3 - 7*x**2 + 4*x + 2*x. Let l be j(6). Suppose -5*y - o = 2*o - 30, l = -2*y - 4*o. What is the units digit of y?
9
Suppose 11 + 1 = 3*g. Suppose r = -g*l - r, 28 = 4*l - 5*r. Suppose -38 = -0*z - l*z. What is the units digit of z?
9
Let w be 6/(-8) + (-19)/(-4). Suppose w + 11 = j. What is the tens digit of j?
1
What is the tens digit of -51*-2*2/12?
1
Let r(d) = -25*d. Let a(g) = -g. Let y(j) = 100*a(j) - 5*r(j). What is the tens digit of y(1)?
2
Suppose -9*b + 91 = -4*b - 4*f, -2*f = b - 21. What is the tens digit of b?
1
Let q(g) be the third derivative of -g**5/60 - g**4/4 + 5*g**3/6 - 2*g**2. Suppose -18 = -n + 4*n. What is the units digit of q(n)?
5
What is the units digit of (5/(-10))/(3/(-108))?
8
Let k(o) = -o**2 + 4*o - 1. Let m(i) = 2*i**2 - 8*i + 1. Let y(q) = 7*k(q) + 4*m(q). Let j(x) be the first derivative of y(x). What is the tens digit of j(11)?
1
Let p(h) be the first derivative of h**3/3 - h**2 - 7*h + 3. Suppose 0*r + 5*u = r, 0 = -2*r - 3*u + 13. What is the units digit of p(r)?
8
Suppose o + 11 = 13. Suppose c + 11 = -2*i + 98, 3*i = o*c + 141. What is the units digit of i?
5
Let m(u) = u**2 + 7*u + 5. Let r be (0 + 6)*(-2 + 1). Let a be m(r). Let k = a + 3. What is the units digit of k?
2
Let d = -4 - -2. Suppose 3*f = -0*f - 6. What is the units digit of f - d*7/2?
5
Let z be ((-20)/2)/((-5)/5). Suppose -5*a = -4*q + 5*q + z, -5*q - 110 = 5*a. What is the units digit of (2 - 6)/(5/q)?
0
Suppose -4*s + 18 - 74 = 0. Let x = -7 - s. What is the units digit of x?
7
Let v = 19 + -15. Let c = 20 - v. What is the tens digit of c?
1
Suppose 3*y - 120 = -3*v, 4*y = y - 3. What is the tens digit of v?
4
Let f = -8 + 10. Suppose -3*j + 5*m = -47, 12 = j - 0*j + f*m. What is the tens digit of j?
1
Let z be (1 + (-6)/9)*0. Let n(t) = -t + 10. What is the tens digit of n(z)?
1
Suppose -2*i - 8 = -44. What is the tens digit of i?
1
Suppose 101 = 2*l + w, 5*l - 331 = 4*w - 46. What is the tens digit of l?
5
Let t = -3 - -2. What is the units digit of (-3 - -2)*23*t?
3
Suppose j + 12 - 48 = 0. Suppose j + 39 = 5*g. What is the units digit of g?
5
Let g = -62 - -34. Let o = 40 + g. Suppose -3*j = -5*f + 2*f - 60, -2*j - 5*f = -o. What is the tens digit of j?
1
Suppose 4*u - 2 - 6 = 0. Let y be 4/((-2)/(u + -4)). Suppose 5 = -y*a + 13. What is the units digit of a?
2
Let b(d) = 17*d + 18. What is the tens digit of b(6)?
2
Let j(t) be the third derivative of t**4/6 - 5*t**3/6 - 7*t**2. What is the units digit of j(9)?
1
Let f(q) = 44*q**2 - 2*q - 1. What is the tens digit of f(-1)?
4
Let j(v) be the third derivative of 1/60*v**5 + 0*v + 1/2*v**3 - 1/24*v**4 + 0 - 2*v**2. What is the units digit of j(0)?
3
Let f = -191 + 335. What is the tens digit of f?
4
Let u(n) = 4*n**2 - 8*n + 6. What is the units digit of u(5)?
6
Suppose 4*m + 1 = -19. Let f(n) = -5*n + 9. What is the tens digit of f(m)?
3
Let m = -10 + 43. What is the units digit of m?
3
Let u be -4 + 1 - (1 - 14). Suppose -14 - u = -4*y. What is the units digit of y?
6
What is the units digit of 0 - (-4)/((-4)/(-163))?
3
Let h = 7 - 3. Suppose 142 = h*y + 22. What is the units digit of y?
0
Let a(x) be the second derivative of 2*x - 1/2*x**2 + 0*x**3 - 1/12*x**4 - 1/20*x**5 + 0. What is the units digit of a(-2)?
3
Let p = -212 - -500. What is the units digit of p?
8
Let w = 8 + -7. Let b = 6 - w. Suppose -21 = -b*a + 29. What is the tens digit of a?
1
Let s(r) = 22*r. What is the tens digit of s(4)?
8
Suppose -1 = 4*b - 9. Suppose b*m = -2, -4*l = 2*m - 4*m - 106. What is the units digit of l?
6
Suppose 4*u + 17 - 205 = 0. What is the tens digit of u?
4
Let s(b) = -b**3 + 2*b**2 - b - 3. Let o be s(-3). Suppose 5*a - o = -5*y, 0*a + 67 = 3*a - 5*y. What is the tens digit of a?
1
Let o(t) = -t**3 - 5*t**2 + 5*t - 2. Let i(s) = 3*s**3 + 11*s**2 -